er?
True
Suppose 39767941 = 141*y - 34*y. Is y a composite number?
False
Let p(d) = 20*d**2 - 5*d - 4. Suppose -2*i + 23 - 7 = 0. Suppose 0 = -3*n - 1 - i. Is p(n) prime?
True
Is (42/(-84))/(-2 + ((-182826)/13060)/(-7)) a prime number?
False
Let o(n) = 375*n - 5. Let u be o(4). Suppose 0 = 2*h + 3*i - 2283, -4*i + 2969 = 3*h - 455. Suppose -u = -5*t + h. Is t composite?
True
Let w(m) = 1002*m**2 + 72*m - 910. Is w(18) a composite number?
True
Let s(g) = 148*g + 9. Let r be 2/3*(32 + -8). Let n be s(r). Suppose -4*p = 4*u - n - 215, 2*u + 3*p = 1297. Is u a prime number?
True
Let w = -24388 + 39827. Is w a prime number?
True
Let i(x) = 32862*x - 733. Is i(11) composite?
False
Suppose 1049 = -4*w - 3*z + 72, 0 = -2*z + 2. Let b = 710 - w. Is b composite?
True
Let l(c) = 1289*c + 33. Let v be l(21). Suppose 5*b + 4607 - v = 0. Is b a composite number?
True
Let l(p) = -p**3 - 16*p**2 + p + 18. Let a be l(-16). Suppose 2*w - 6*w - a*q = -5864, -5*w = -q - 7323. Is w a composite number?
True
Is (-2)/14 - 51046/(-14) prime?
False
Let w be 170 + 4 - (8/4 - 1). Suppose -5*c + 9*c - 2352 = 0. Let g = c - w. Is g composite?
True
Suppose l + 5*u = 26730, -2*l + 2*u = 4*u - 53468. Is l composite?
True
Suppose 2*u - 9099 = 8365. Let d(o) = 31*o**2 - 2*o - 1. Let x be d(-1). Suppose -x*l = -36*l + u. Is l prime?
False
Let g = 67952 + -34752. Suppose -4*v + g = 5*b, -6661 = -b - 3*v - 2*v. Let r = -3895 + b. Is r a prime number?
True
Let s(n) = -8*n**2 + 9*n + 16. Let g be s(25). Let k = -3042 - g. Is k a composite number?
True
Suppose 2*x - j = 52 + 432, 6 = -3*j. Suppose -h + 3*v + x = -74, 0 = h + v - 327. Suppose c + h = 1606. Is c a composite number?
True
Let u = -18 + 46. Suppose -u*f - 60 = -26*f. Let h = 409 + f. Is h a composite number?
False
Let t(q) = 697*q**2 - 52*q + 717. Is t(14) a composite number?
False
Let n = -170 - -170. Suppose 5*d - 11*d + 678 = n. Is d a composite number?
False
Suppose -23*m + 19333899 = 21*m + 73*m. Is m a composite number?
False
Suppose 6*p + 19*p - 178875 = 0. Suppose 3*f = 30*f - p. Is f a composite number?
True
Let p(x) = 4*x - 2. Let q be p(1). Let o be q*1/(-7) - (-34901)/119. Is o - (91/42 - (-2)/(-12)) a composite number?
True
Is 207153/4*316/237 composite?
True
Let g(n) = -6*n + 230. Let q be g(38). Suppose q*p + 112887 = 29*p. Is p a composite number?
True
Suppose 116*n + 300807 = 126*n - 369703. Is n a composite number?
True
Let m = 128 - 86. Suppose -9*w - m = -15*w. Suppose 0 = w*g - 20728 - 14321. Is g a prime number?
False
Let r(a) = -2*a + 1. Let x(p) = 242*p - 33. Let s(u) = 4*r(u) + x(u). Is s(5) prime?
False
Let w(s) = 2*s**2 + 16*s + 19. Let z(q) = -q**2 - 4*q - 4. Let u be z(-3). Let k = u - -15. Is w(k) composite?
True
Let l = 10 - 6. Suppose 2*d = 5*n - 7363, 5*d + 5888 = 4*n + l*d. Is n prime?
True
Let j(h) = -3504*h**3 - 5*h**2 + 6. Is j(-2) a prime number?
False
Let u = 43 + -38. Suppose -5*s + 4*i = 4 + 28, -5*i = u*s + 50. Let r(o) = -o**3 - 4*o**2 + 3*o - 9. Is r(s) a composite number?
False
Is 4/2 + (-39096)/((-152)/19) a composite number?
False
Let k(c) = -c**3 + 16*c**2 - 21*c + 12. Let o be k(14). Suppose 0 = -4*w - 2*t + 3*t + 97, o = 5*w + t. Suppose -25*x + 758 = -w*x. Is x a composite number?
False
Suppose 5*r - 29 = 2*x - 7, 0 = -5*r - x + 19. Suppose -147439 = r*l - 51*l. Is l a composite number?
False
Suppose 227*y = 236*y + 88785. Let o = 16706 + y. Is o prime?
True
Let m(h) be the second derivative of -h**4/12 + 13*h**3/6 - 7*h**2 - 12*h. Let s be m(11). Is (-2996)/s*(1 - 3) composite?
True
Suppose -35*z = 133*z - 31642968. Is z a prime number?
True
Suppose -314*o - 24 = -308*o. Is o/(-6)*192735/30 prime?
True
Let g(x) = x**2 - x + 1. Let h be g(0). Let l(o) = -16*o + 4. Let b be l(h). Is (261/b)/((-3)/12) composite?
True
Let g(t) = 2*t + 5*t + 14 - 6*t + 10*t. Suppose -z = -2 - 1. Is g(z) a composite number?
False
Let r(g) = 3192*g**2 - 44*g - 190. Is r(-6) a prime number?
False
Let o be 8 + ((-21)/6)/(-7)*0. Suppose -5*u = -o*u. Suppose -5*p + 4385 = 3*x, u = 5*p - 2*p + 3*x - 2631. Is p a prime number?
True
Suppose -5*x - p = -2579172, 4*x = 9*x + 3*p - 2579186. Is x a composite number?
True
Let s be (40/(-80))/((-1)/(-1*12)). Is 4*s/(-16)*(-3 - -77) a composite number?
True
Let j be 5*2/(-25)*-15. Is (4605/j)/(12/(-8) - -2) a prime number?
False
Let k be (1 + -5)*(-22 - -27). Let q = k - -25. Suppose 797 = q*y + 2*u, 2*y - 3*u - 173 = y. Is y a composite number?
True
Let t(h) be the second derivative of -2/3*h**3 + 5/12*h**4 + 5*h - 4*h**2 + 0. Is t(-3) a prime number?
False
Let i(v) = 45*v + 358. Let u be i(-8). Is (-759510)/(-180) - (-1)/u composite?
False
Let l(w) = w**3 - 7*w**2 - 29*w + 64. Let p be l(24). Let z = p + -5567. Is z composite?
False
Let u be -2 + 8 + (6 - (4 + -2)). Is (-952195)/111*(-6)/u a composite number?
False
Let x be 3948848/(-8)*7/(-14). Let a = x - 165954. Is a a prime number?
True
Suppose 5*q + 824775 = i, 109*i = 105*i - 5*q + 3299050. Is i a composite number?
True
Let t be (-9)/(-6)*(28/3 - -4). Let l = t - 15. Suppose l*f - 5*v = 2180, 3*v - 1694 - 15 = -4*f. Is f prime?
True
Let t = 22 + -22. Suppose -g = -t*g. Suppose -2*l - 4*o + 173 = -571, g = l - o - 387. Is l a composite number?
True
Let a(w) = 47*w**2 - 15*w - 21. Suppose -3*t - 2 = n + 6, -2*t - 3*n = -4. Is a(t) composite?
True
Suppose 7 = -18*f + 25*f. Is 1/(-3 + 2) - (-521 - f) a prime number?
True
Suppose -2*i - 1 = 3*o - 13, -56 = -4*i + 2*o. Let d(q) = -2 - 1 + 38*q + 1. Is d(i) a prime number?
False
Let a(k) = 15458*k**2 - 128*k - 377. Is a(-3) a composite number?
True
Suppose -60641 + 930741 = 5*n - h, 2*n - 348040 = h. Suppose -n = -4*q - 16*q. Suppose q = 5*b + 2*b. Is b composite?
True
Suppose -10 - 14 = -12*p. Suppose -p*v - 3573 = -5*r + 4970, -2*v = 5*r - 8547. Is r a prime number?
True
Suppose 3*r - 15 = -2*z, -3*z = 2*r - 2 - 8. Let y(a) = 30*a**2 - 2*a - 8. Let k be y(-3). Suppose -r*p = -1257 - k. Is p a composite number?
True
Suppose 2*w = 2*x - 47804 - 71786, 4*w = 5*x - 298970. Suppose -34*t + 24*t = -x. Is t composite?
True
Suppose 6*z + 10*s = 8*s + 355998, 3*s = 8*s. Is z a prime number?
True
Let p be 1/6 - (-11 + (-7997)/(-66)). Is (-1562)/p*-1*(-45)/3 composite?
True
Let k(n) = n**3 - 19*n**2 + 18*n + 24. Let g be k(18). Is 536 + 1 + g/(3 + 3) composite?
False
Let i(w) = 3*w - 8. Let l be i(4). Suppose -l*n + 13096 = 4*n. Is n prime?
True
Suppose 1509264 = 14*o - 500828. Is o prime?
False
Let c(q) = q**3 - 12*q**2 - 10*q - 31. Let a be c(13). Suppose -a*j + 21 = -j. Suppose p - 949 = -4*k, -p - 1012 + 302 = -j*k. Is k composite?
True
Suppose -57 = -d - 53. Is 6/d*117768/36 prime?
False
Let s(x) = -402207*x - 535. Is s(-2) composite?
True
Suppose 3*n - 2*o - 10 = 0, -9*o - 10 = 5*n - 7*o. Suppose -11*t + 3*b = -6*t - 9152, n = -5*t - 3*b + 9158. Is t a prime number?
True
Let o(v) = 3*v + 4. Let d be o(-3). Let z be d + 1 - (-1 + -18). Suppose -4*g - z = g, -2*g = 3*l - 3345. Is l prime?
True
Suppose 56*z = 19*z + 111. Suppose i - 9 = 4*i, z*w - i = 117270. Is w prime?
True
Let y be ((-226)/(-3))/(-4*11/(-66)). Suppose -y - 306 = -o. Is o prime?
True
Suppose 61450 = 4*p + 27*s - 29*s, p - 3*s = 15365. Is p a composite number?
True
Is (-130258)/(-5 - (-231)/49) prime?
False
Suppose 1734902 = 4*a + 2*p, -a = -3*p - 682 - 433068. Is a a composite number?
False
Let l(q) = 3391*q**2 + 48*q + 16. Is l(-5) prime?
True
Let n be 1/2 + 3895/38 - 2. Suppose -33335 = -n*j + 96*j. Is j prime?
False
Suppose -2963 - 4744 = -7*l. Suppose 0*w - 3*w = -r + 284, 4*r - l = 5*w. Is r a composite number?
False
Let h = -42151 - -141398. Is h a composite number?
True
Is (-2)/(-2) - 1*(-643304 - -28) a prime number?
False
Suppose 7*b = 69748 - 18130. Let t = b + -3955. Is t a composite number?
True
Is (-27)/33 + 1 - 24172610/(-242) composite?
True
Let l be 18805/4 - 8/32. Let t be (0 + l)/(9/3). Suppose m + n = -4*n + 531, 2*n = -3*m + t. Is m a composite number?
False
Suppose -403*u = -5*d - 400*u + 971234, -2*d + 388537 = 5*u. Is d a composite number?
True
Suppose -3*k + 161237 + 25582 = 0. Suppose 8*j - k = -3481. Is j a composite number?
False
Suppose 10*t - 54 = 6. Suppose 3*s - t = s, 4*x - 4*s + 2072 = 0. Let m = 789 + x. Is m composite?
True
Suppose -19 = -9*y - 109. Suppo